l - 7. Calculate n(-1).
-4
Let f(y) = 3*y + 84. Give f(-31).
-9
Let y(w) = -w**3 + 22*w**2 - 27*w + 21. Determine y(21).
-105
Let z(d) = d**3 - 4*d**2 - 76*d + 7. Give z(-7).
0
Let g(s) = -42*s - 120. What is g(-3)?
6
Let q(h) = 2*h + 28. Give q(-16).
-4
Let f(l) = 29*l - 1281. Give f(44).
-5
Let z(t) = -t**3 - t - 43. Give z(0).
-43
Let s(q) = -2*q**2 - 4*q. Give s(-3).
-6
Let j(b) = -6*b**2 + b - 2. What is j(1)?
-7
Let x(c) = -2*c - 23. Give x(-8).
-7
Let q(c) = 231*c - 456. Determine q(2).
6
Let l(a) = -a**3 + a**2 + 6*a - 12. Give l(0).
-12
Let h(y) = y**3 - 27*y**2 + 25*y. Calculate h(26).
-26
Let q(l) = 4*l + 63. Calculate q(-14).
7
Let o(i) = -i**2 + 4*i + 9. Calculate o(4).
9
Let z(l) = 2*l - 47. Determine z(14).
-19
Let p(h) = h**3 - 6*h**2 - 3*h + 16. Calculate p(2).
-6
Let s(c) = c**2 - 18*c + 33. What is s(14)?
-23
Let w(u) = -u**3 + 7*u**2 - 4*u + 52. Give w(7).
24
Let t(o) = -3*o**2 + 162*o + 5. What is t(54)?
5
Let c(y) = -y**2 + 4*y + 3. What is c(4)?
3
Let s(x) = x**2 - 13*x + 46. Calculate s(7).
4
Let a(n) = 9*n**2 - n - 2. Calculate a(-2).
36
Let s(o) = 5*o + 1. Give s(0).
1
Let b(l) = 19*l + 35. Calculate b(-2).
-3
Let i(d) = d**2 - 15*d + 39. Determine i(15).
39
Let q(l) = l**3 + 6*l**2 - 4*l - 4. Determine q(-7).
-25
Let i(m) = -3*m**3 + 3*m**2 + 8*m + 4. What is i(4)?
-108
Let a(i) = i**2 + 9*i + 15. What is a(-11)?
37
Let i(p) = -46*p + 331. What is i(7)?
9
Let t(v) = -11*v - 31. Calculate t(-5).
24
Let u(x) = 17*x - 3. Calculate u(-2).
-37
Let z(f) = -f - 42. What is z(-13)?
-29
Let k(n) = n**3 + 2*n**2 + 4*n + 1. What is k(-2)?
-7
Let f(i) = -7*i - 4. Calculate f(7).
-53
Let j(n) = 6*n - 3. Calculate j(2).
9
Let a(x) = -7*x + 155. Determine a(28).
-41
Let i(h) = -10*h + 26. Determine i(4).
-14
Let y(s) = -2*s**2 - 23*s - 8. Calculate y(-7).
55
Let u(r) = -11*r - 32. What is u(-5)?
23
Let n(i) = i**3 + 14*i**2 + 12*i - 14. What is n(-13)?
-1
Let j(i) = i**3 - 12*i**2 + 20*i + 2. Calculate j(10).
2
Let n(g) = -g**2 - 17*g + 33. What is n(-19)?
-5
Let n(k) = 2*k**2 + 26*k + 8. What is n(-13)?
8
Let f(o) = 3*o + 63. Calculate f(-23).
-6
Let l(x) = -x**2 + 10*x + 28. Determine l(10).
28
Let i(x) = 2*x**3 + 11*x**2 + 3*x + 9. Give i(-6).
-45
Let n(g) = g**2 + 12*g + 16. Determine n(-13).
29
Let p(w) = -2*w - 18. What is p(0)?
-18
Let h(l) = l**3 - 8*l**2 - 11*l + 6. What is h(9)?
-12
Let n(o) = -47*o - 428. Calculate n(-9).
-5
Let k(h) = 2*h**3 + 2*h**2 - 4*h + 7. Calculate k(-4).
-73
Let w(q) = -q**2 + 12*q + 2. Give w(11).
13
Let x(z) = -12*z**2 + 40*z + 2. Determine x(3).
14
Let n(f) = 2*f**3 - 19*f**2 + 11*f - 10. Calculate n(9).
8
Let b(w) = 22*w - 1. Give b(2).
43
Let l(h) = -3*h - 52. What is l(-15)?
-7
Let l(o) = -o**3 + 7*o**2 - 2*o - 5. Give l(5).
35
Let h(n) = -10*n - 2. What is h(2)?
-22
Let c(n) = -n**3 - 14*n**2 + 2*n + 18. What is c(-14)?
-10
Let t(c) = -c**3 + 7*c**2 - 16*c + 11. What is t(6)?
-49
Let s(w) = -2*w**2 + 5*w + 4. Calculate s(3).
1
Let q(f) = f**3 - 15*f**2 + 56*f + 4. Give q(8).
4
Let l(c) = 4*c - 119. Give l(39).
37
Let c(y) = 2*y**2 + 7*y + 3. Calculate c(6).
117
Let k(v) = 2*v**2 + 9*v + 16. Determine k(-4).
12
Let r(s) = s**2 - 9*s - 7. Calculate r(10).
3
Let n(d) = -d + 9. Give n(-5).
14
Let u(t) = -76*t + 1. Give u(1).
-75
Let p(k) = -k**3 + 11*k**2 - 2*k + 10. Give p(11).
-12
Let o(i) = i**2 - 27*i - 26. Give o(28).
2
Let j(r) = -r + 25. Give j(17).
8
Let p(f) = -4*f + 6. Calculate p(-6).
30
Let g(i) = -i**3 + 24*i**2 - 2*i + 47. Give g(24).
-1
Let t(p) = -7*p + 102. Calculate t(18).
-24
Let s(j) = -j**2 + 10*j + 27. What is s(-4)?
-29
Let m(z) = -2*z**3 + 68*z**2 - 3*z + 96. Give m(34).
-6
Let l(z) = -43*z - 5. What is l(-1)?
38
Let l(m) = m**2 - 65*m + 5. What is l(0)?
5
Let h(c) = -c**2 - 2*c + 6. Determine h(0).
6
Let x(h) = -h**3 - 2*h**2 + 8*h - 5. Determine x(3).
-26
Let i(b) = -3*b**2 + 21*b + 26. What is i(8)?
2
Let w(v) = -3*v - 61. Calculate w(-23).
8
Let j(m) = -96*m - 470. Give j(-5).
10
Let r(g) = 3*g + 17. What is r(0)?
17
Let f(k) = 2*k**2 - 2*k - 2. What is f(3)?
10
Let t(i) = -30*i - 6. What is t(-2)?
54
Let g(l) = l**3 + 2*l - 120. Give g(0).
-120
Let t(g) = -9*g - 214. Determine t(-25).
11
Let b(q) = q**3 - 5*q**2 - 13*q + 6. Calculate b(7).
13
Let c(q) = -17*q - 6. Determine c(4).
-74
Let h(m) = 2*m**2 - 3*m - 1. What is h(3)?
8
Let k(h) = -2*h**2 - 4*h - 3. What is k(-3)?
-9
Let h(r) = -r**2 - 12*r - 12. What is h(-12)?
-12
Let c(q) = -q**3 + 8*q**2 - 8*q + 16. Determine c(6).
40
Let i(d) = -17*d**3 - 2*d**2 - d + 3. Determine i(-2).
133
Let z(i) = 2*i**3 - 10*i**2 - i + 5. Determine z(5).
0
Let c(g) = -13*g + 4. Calculate c(0).
4
Let s(z) = z**2 + 4*z + 1. Determine s(6).
61
Let j(b) = b**3 + 3*b**2 - 4*b + 1. Determine j(2).
13
Let p(u) = u**2 - u + 9. Give p(-4).
29
Let g(m) = 2*m - 13. Determine g(9).
5
Let z(n) = n**2 + 12*n + 35. Give z(-4).
3
Let m(p) = -5*p + 10. Calculate m(7).
-25
Let v(g) = g**3 + 7*g**2 + 21*g + 74. Give v(-5).
19
Let w(r) = r**3 + 7*r**2 + 6*r - 6. Give w(-6).
-6
Let i(n) = n**2 + n - 25. Calculate i(9).
65
Let o(k) = -k**2 + 11*k + 37. Give o(10).
47
Let c(j) = -j**2 - 5*j + 19. Determine c(2).
5
Let x(q) = q + 4. What is x(-2)?
2
Let b(g) = -4*g**2 - 10*g - 10. Give b(-5).
-60
Let i(m) = 3*m**2 + 26*m + 111. Calculate i(-5).
56
Let w(h) = 5*h - 10. Calculate w(0).
-10
Let z(v) = v**2 - 15*v + 52. What is z(8)?
-4
Let u(t) = -t**2 + 12*t + 21. Determine u(14).
-7
Let z(u) = -u**3 - 12*u**2 + 2. Determine z(-12).
2
Let q(y) = -8*y**3 + 2*y**2 + 8*y - 8. Give q(1).
-6
Let t(g) = 3*g**3 + 15*g**2 - 3*g - 12. Determine t(-5).
3
Let f(a) = -a**3 - 2*a**2 + 2*a - 1. Give f(3).
-40
Let i(y) = 2*y + 2. What is i(-4)?
-6
Let g(f) = -f**3 - 20*f**2 + f + 20. What is g(-20)?
0
Let k(i) = -6*i + 93. What is k(16)?
-3
Let w(a) = -3*a**2 - 25*a - 42. What is w(-6)?
0
Let o(k) = k**2 + 8*k + 11. What is o(-3)?
-4
Let x(m) = -m**3 + 8*m**2 + 10*m - 2. Determine x(9).
7
Let k(h) = h**3 - 25*h**2 - 189*h - 12. Calculate k(-6).
6
Let h(b) = -b**3 - 15*b**2 + 4*b + 20. What is h(-15)?
-40
Let u(c) = -c**3 - 15*c**2 + 32*c - 37. What is u(-17)?
-3
Let z(i) = -i**2 + 6*i - 22. Calculate z(7).
-29
Let n(t) = 18*t + 7. Calculate n(-2).
-29
Let l(g) = -2*g - 1. Determine l(-10).
19
Let t(g) = g**3 - 11*g**2 - 8*g - 4. Calculate t(12).
44
Let p(i) = 367*i - 1827. What is p(5)?
8
Let p(r) = -12*r + 115. What is p(10)?
-5
Let k(w) = -w**2 - 13*w + 8. Calculate k(-14).
-6
Let r(x) = x**2 - 3*x. Calculate r(1).
-2
Let a(h) = h**3 + 9*h**2 - 4*h - 13. Give a(-9).
23
Let p(f) = f**3 - 4*f**2 + 7*f - 4. What is p(2)?
2
Let o(k) = -k**2 - 7*k + 6. Determine o(-5).
16
Let z(f) = -f**3 + 10*f**2 + f - 12. Give z(10).
-2
Let r(a) = -4*a**3 + 3*a - 11. Determine r(2).
-37
Let c(i) = i**2 - 2*i - 23. What is c(0)?
-23
Let w(t) = 4*t + 30. Calculate w(-11).
-14
Let a(v) = -v + 14. Calculate a(14).
0
Let o(y) = 34*y**2 - y. Give o(1).
33
Let i(t) = 23*t - 456. Give i(20).
4
Let m(t) = t**3 - 7*t**2 + 3*t - 2. What is m(6)?
-20
Let y(t) = t**2 + 8*t + 4. Determine y(-6).
-8
Let v(i) = i + 20. What is v(-13)?
7
Let d(a) = a**3 + a**2 + a - 2. Calculate d(2).
12
Let a(h) = 21*h + 79. Calculate a(-3).
16
Let p(d) = 3*d**3 - 2*d**2 + d + 1. Calculate p(2).
19
Let y(x) = x**2 - 13*x - 110. Calculate y(18).
-20
Let m(r) = -r**2 - 17*r - 51. Determine m(-5).
9
Let t(y) = 2*y - 21. Calculate t(13).
5
Let g(y) = -y**2 + 112*y - 626. What is g(6)?
10
Let x(u) = -39*u - 54. What is x(-2)?
24
Let s(x) = -x**3 + 6*x**2 + 2. Give s(6).
2
Let c(l) = 29*l**2 + 90*l + 4. Determine c(-3).
-5
Let y(m) = m**2 + 24*m - 43. Calculate y(-26).
9
Let l(c) = -2*c + 47. Give l(21).
5
Let b(p) = 9*p**2 - 73*p + 1. Determine b(8).
-7
Let p(d) = -d**3 + d**2 + 2*d - 16. Give p(0).
-16
Let f(m) = -3*m + 6. Determine f(9).
-21
Let n(v) = -3*v - 47. What is n(-10)?
-17
Let p(i) = -i**2 - 6*i + 43. Give p(-10).
3
Let b(z) = z**3 - 9*z**2 + 13*z + 10. What is b(7)?
3
Let t(f) = -f**3 - 12*f**2 - 4*f - 23. Calculate t(-12).
25
Let s(f) = -f - 40. Determine s(-25).
-15
Let l(y) = -y**3 + 5*y**2 - y - 1. Determine l(6).
-43
Let a(u) = -u**3 - 26*u**2 - 28*u - 68. Determine a(-25).
7
Let a(z) = 8*z + 16. Give a(-3).
-8
Let w(c) = c**3 - 9*c**2 - 6*c - 11. What is w(6)?
-155
Let p(y) = y**3 + y**2 - 8*y - 9. W